{"id":32,"date":"2018-07-03T12:11:08","date_gmt":"2018-07-03T10:11:08","guid":{"rendered":"http:\/\/yoga-atmajaya.fr\/?page_id=32"},"modified":"2026-02-12T16:04:20","modified_gmt":"2026-02-12T15:04:20","slug":"qui-suis-je","status":"publish","type":"page","link":"https:\/\/yoga-atmajaya.fr\/index.php\/qui-suis-je\/","title":{"rendered":"Qui suis-je ?"},"content":{"rendered":"<p>Je m&#8217;appelle Catherine. Je suis n\u00e9e en 1964.<\/p>\n<p>Le Yoga a crois\u00e9 mon chemin sur les conseils d&#8217;un m\u00e9decin. Ce fut un bien sage conseil&#8230;Pratiquante assidue pendant des ann\u00e9es, j&#8217;ai pu constater les bienfaits du Yoga tant au niveau physique que mental.<\/p>\n<p>Plus tard, ce chemin m&#8217;a men\u00e9 vers Christian Tikhomiroff, disciple du Maitre Icchanath,. J&#8217;ai suivi son cursus de formation pendant 4 ans afin de d&#8217;obtenir le dipl\u00f4me de Professeur de Natha Yoga.<\/p>\n<p>Ma d\u00e9marche spirituelle m&#8217;a conduit\u00a0 vers l&#8217;\u00e9tude des traditions dites Shakta (traditions de la D\u00e9esse), \u00e0 travers :<\/p>\n<ul>\n<li>ma formation initiale li\u00e9e \u00e0 la tradition Kaula (Tradition Nath) avec Christian Tikhomiroff<\/li>\n<li>l&#8217;\u00e9tude approfondie et\u00a0 la pratique de la tradition Trika avec Christopher Hareesh Wallis, sankrististe, et professeur de traditions indiennes, auteur de Tantra Illuminated. J&#8217;ai eu la joie d&#8217;\u00eatre co-traductrice de ce c\u00e9l\u00e8bre livre qui est paru en fran\u00e7ais en 2024 aux \u00e9ditions Almora sous le titre &#8220;Le Tantra D\u00e9voil\u00e9 : Philosophie, Histoire et Pratique d&#8217;une Tradition intemporelle&#8221;.<\/li>\n<li>l&#8217;\u00e9tude de la tradition Krama notamment l&#8217;enseignement du Vrndacakra (enseignement des 64 Yoginis) et des 12 Kalis. J&#8217;ai eu la chance d&#8217;\u00eatre int\u00e9gr\u00e9e dans un petit groupe d&#8217;\u00e9tudiants pour cela pendant 6 mois<\/li>\n<li>j&#8217;\u00e9tudie \u00e9galement avec David Dubois, philosophe sp\u00e9cialiste du Tantra et des traditions qui s&#8217;y rattachent et sanskritiste fran\u00e7ais, auteur de nombreux ouvrages sur le Shiva\u00efsme tantrique du Cachemire et Mark Dyczkowski qui \u00e9tait une des plus grandes autorit\u00e9s en ce qui concerne le monde des Tantras indiens et plus particuli\u00e8rement le Shiva\u00efsme du Cachemire.<\/li>\n<li>je pratique avec bonheur la r\u00e9citation v\u00e9dique (veda chanting) avec une enseignante reconnue, ce qui m&#8217;a permis de comprendre la beaut\u00e9 contenue dans les invocations et mantras. Je pratique la r\u00e9citation v\u00e9dique quotidiennement \u00e0 travers des hymnes tir\u00e9s des Veda.<\/li>\n<\/ul>\n<p>Ces traditions de sagesse font partie de ma vie quotidienne du fait de ma pratique personnelle.<\/p>\n<p>Eternelle \u00e9tudiante,\u00a0 j&#8217;aime aussi m&#8217;immerger dans des sujets qui me passionnent entre autres :<\/p>\n<ul>\n<li>les pratiques fondamentales du Trika Mahasiddha Yoga avec l&#8217;Acharya Dharma Bodhi &#8211; Kolbjorn Martens, Maitre de traditions non duelles, Dzogchen et B\u00f4n<\/li>\n<li>l&#8217;Ayurveda tantrique avec l&#8217;Acharya Kolbjorn Martens,<\/li>\n<li>l&#8217;\u00e9tude du Vijnana Bhairava Tantra et sa pratique avec Hareesh Wallis<\/li>\n<li>l&#8217;\u00e9tude du Sutra de la Reconnaissance de Soi avec Hareesh Wallis<\/li>\n<li>le Bardo Th\u00f6d\u00f6l avec Andrew Holecek,<\/li>\n<li>et d&#8217;autres encore au gr\u00e9 des opportunit\u00e9s de rencontre&#8230;..<\/li>\n<\/ul>\n<p>De part l&#8217;histoire de mon entr\u00e9e dans le Yoga et d&#8217;\u00e9v\u00e9nements personnels, je suis tr\u00e8s sensible \u00e0 l&#8217;apport du Yoga pour la sant\u00e9, et il est primordial pour moi\u00a0 de prendre en consid\u00e9ration les besoins de mes \u00e9l\u00e8ves, de leur apprendre \u00e0\u00a0 apprivoiser\u00a0 leurs limites et peut \u00eatre de les ch\u00e9rir pour l&#8217;enseignement qu&#8217;elles contiennent, de proposer des am\u00e9nagements des postures que nous faisons. J&#8217;esp\u00e8re ainsi emmener les personnes sur le chemin de l&#8217;int\u00e9riorit\u00e9, de l&#8217;acceptation de soi et de la bienveillance, bien au del\u00e0 d&#8217;une pratique limit\u00e9e \u00e0 l&#8217;asana (les postures).<\/p>\n<p>Ma formation initiale (dans mes jeunes ann\u00e9es\u2026.) est scientifique\u00a0 (cursus universitaire en biologie et physiologie animale). J\u2019en ai gard\u00e9 de bonnes connaissances en anatomie et physiologie que j\u2019int\u00e8gre\u00a0 sous forme de conseils pour prendre soin de vous lors de votre pratique, ou pour vous permettre de mieux comprendre certaines pratiques de Yoga somatique que je vous propose.<\/p>\n<p>Je suis \u00e9galement Maitre enseignant de Reiki Usui et Karuna mais je ne l\u2019exerce pas en tant que tel \u00e0 ce jour.<\/p>\n<p>J\u2019exerce par ailleurs une activit\u00e9 professionnelle sans lien avec le Yoga.<\/p>\n<p>J&#8217;ai not\u00e9 tout cela pour donner aux personnes qui lisent ce site, une sorte de carte d&#8217;identit\u00e9, mais au final, le plus important est cela :\u00a0 Le Yoga est ma passion, une pratique qui a chang\u00e9 ma vie et une Voie qui, chaque jour, guide mes pas. J&#8217;ai choisi en conscience les r\u00e9cits d&#8217;une de ses traditions appel\u00e9e Shiva\u00efsme du Cachemire, pour me guider et m&#8217;appuyer dessus car ils me semblent correspondre \u00e0 la R\u00e9alit\u00e9. C&#8217;est avec amour et humilit\u00e9 que j&#8217;esp\u00e8re permettre l&#8217;acc\u00e8s \u00e0 la pratique du Yoga, le partager, en donner le gout et si possible en faire percevoir les bienfaits, laissant \u00e9merger en nous un espace de douceur et d&#8217;accueil vivifiant et en paix, notre Vraie Nature.\u00a0 J&#8217;\u00e9coute l&#8217;\u00e9lan de mon coeur dans chacun des cours que je propose.\u00a0 Le reste n&#8217;est que blabla \ud83d\ude09<\/p>\n<p>&nbsp;<\/p>\n<p><img loading=\"lazy\" decoding=\"async\" class=\"size-medium wp-image-223 aligncenter\" src=\"http:\/\/yoga-atmajaya.fr\/wp-content\/uploads\/2020\/02\/1-225x300.jpg\" alt=\"\" width=\"225\" height=\"300\" srcset=\"https:\/\/yoga-atmajaya.fr\/wp-content\/uploads\/2020\/02\/1-225x300.jpg 225w, https:\/\/yoga-atmajaya.fr\/wp-content\/uploads\/2020\/02\/1-768x1022.jpg 768w, https:\/\/yoga-atmajaya.fr\/wp-content\/uploads\/2020\/02\/1-770x1024.jpg 770w, https:\/\/yoga-atmajaya.fr\/wp-content\/uploads\/2020\/02\/1.jpg 962w\" sizes=\"auto, (max-width: 225px) 100vw, 225px\" \/><\/p>\n","protected":false},"excerpt":{"rendered":"<p>Je m&#8217;appelle Catherine. Je suis n\u00e9e en 1964. Le Yoga a crois\u00e9 mon chemin sur les conseils d&#8217;un m\u00e9decin. Ce fut un bien sage conseil&#8230;Pratiquante assidue pendant des ann\u00e9es, j&#8217;ai pu constater les bienfaits du Yoga tant au niveau physique que mental. Plus tard, ce chemin m&#8217;a men\u00e9 vers Christian Tikhomiroff, disciple du Maitre Icchanath,. &hellip; <\/p>\n<p class=\"link-more\"><a href=\"https:\/\/yoga-atmajaya.fr\/index.php\/qui-suis-je\/\" class=\"more-link\">Continue reading<span class=\"screen-reader-text\"> &#8220;Qui suis-je ?&#8221;<\/span><\/a><\/p>\n","protected":false},"author":1,"featured_media":0,"parent":0,"menu_order":0,"comment_status":"closed","ping_status":"closed","template":"","meta":{"footnotes":""},"class_list":["post-32","page","type-page","status-publish","hentry"],"_links":{"self":[{"href":"https:\/\/yoga-atmajaya.fr\/index.php\/wp-json\/wp\/v2\/pages\/32","targetHints":{"allow":["GET"]}}],"collection":[{"href":"https:\/\/yoga-atmajaya.fr\/index.php\/wp-json\/wp\/v2\/pages"}],"about":[{"href":"https:\/\/yoga-atmajaya.fr\/index.php\/wp-json\/wp\/v2\/types\/page"}],"author":[{"embeddable":true,"href":"https:\/\/yoga-atmajaya.fr\/index.php\/wp-json\/wp\/v2\/users\/1"}],"replies":[{"embeddable":true,"href":"https:\/\/yoga-atmajaya.fr\/index.php\/wp-json\/wp\/v2\/comments?post=32"}],"version-history":[{"count":51,"href":"https:\/\/yoga-atmajaya.fr\/index.php\/wp-json\/wp\/v2\/pages\/32\/revisions"}],"predecessor-version":[{"id":500,"href":"https:\/\/yoga-atmajaya.fr\/index.php\/wp-json\/wp\/v2\/pages\/32\/revisions\/500"}],"wp:attachment":[{"href":"https:\/\/yoga-atmajaya.fr\/index.php\/wp-json\/wp\/v2\/media?parent=32"}],"curies":[{"name":"wp","href":"https:\/\/api.w.org\/{rel}","templated":true}]}}