{"id":30,"date":"2018-07-03T12:11:08","date_gmt":"2018-07-03T10:11:08","guid":{"rendered":"http:\/\/yoga-atmajaya.fr\/?page_id=30"},"modified":"2026-04-01T15:05:47","modified_gmt":"2026-04-01T13:05:47","slug":"horaires-et-tarifs","status":"publish","type":"page","link":"https:\/\/yoga-atmajaya.fr\/index.php\/horaires-et-tarifs\/","title":{"rendered":"Horaires et Tarifs"},"content":{"rendered":"<p>Le nombre de participants par groupe est de\u00a014 personnes afin de garantir une pratique agr\u00e9able pour tous.<\/p>\n<p>LES COURS REPRENDRONT LE <strong>LUNDI 1er SEPTEMBRE 2025<\/strong><\/p>\n<p>N&#8217;h\u00e9sitez pas \u00e0 me contacter pour un cours d&#8217;essai gratuit.<\/p>\n<p>Discuter ensemble nous permettra \u00e9galement de savoir quelles sont vos souhaits si vous en avez et si ce que je propose vous convient. Se sentir \u00e0 l&#8217;aise est important <strong><span style=\"color: #800080;\">(tel 06 21 49 22 63<\/span><\/strong> ou espace.atmajaya@gmail.com)<\/p>\n<p>&nbsp;<\/p>\n<p><strong>Horaires :<\/strong><\/p>\n<ul>\n<li><strong>Cours de Yoga :\u00a0\u00a0<\/strong>(se reporter \u00e0 l&#8217;onglet &#8220;les cours de Yoga&#8221; pour le descriptif des cours)\u00a0<strong>\u00a0<\/strong><\/li>\n<li>le lundi de 18h15 \u00e0 19h30<\/li>\n<li>le mercredi de 18h15 \u00e0 19h30<\/li>\n<li><span style=\"font-size: 1rem;\">le samedi de 9h15 \u00e0 10h30\u00a0<\/span><\/li>\n<\/ul>\n<p>Cours de yoga d&#8217;essai offert.<\/p>\n<p>Il est possible de commencer une pratique de Yoga \u00e0 tout moment de l&#8217;ann\u00e9e.\u00a0Il est tenu compte des contraintes de sant\u00e9 (am\u00e9nagements propos\u00e9s) et des dos sensibles sur tous les cours.<\/p>\n<ul>\n<li><strong>Ateliers de M\u00e9ditation :<\/strong><\/li>\n<\/ul>\n<p>Les cours d&#8217;essai sont possibles tout au long de l&#8217;ann\u00e9e n\u00e9anmoins, une motivation sinc\u00e8re est souhait\u00e9e si vous envisagez de rejoindre ces s\u00e9ances en cours d&#8217;ann\u00e9e.<\/p>\n<p>Le jeudi\u00a0 de 18h15 \u00e0 19h30 (nombre de places non limit\u00e9 car le cours se d\u00e9roule simultan\u00e9ment en pr\u00e9sentiel et par zoom pour les personnes qui souhaitent y assister depuis leur domicile). Un moment d&#8217;\u00e9change a souvent lieu apr\u00e8s la s\u00e9ance pour les personnes qui le souhaitent.<\/p>\n<ul>\n<li><strong>Fascias et Etirements Conscients sp\u00e9cial Dos :<\/strong><\/li>\n<\/ul>\n<p>Uniquement sur r\u00e9servation car 8 personnes maximum par s\u00e9ance. Pas de cours d&#8217;essai offert pour cette pratique (car cours non hebdomadaires)<\/p>\n<p>S\u00e9ance de 1h30<\/p>\n<p>Ces s\u00e9ances ne sont pas hebdomadaires comme les autres cours et sont propos\u00e9es selon le calendrier suivant. La r\u00e9servation de votre place est n\u00e9cessaire (Tel 06 21 49 22 63) :<\/p>\n<ul>\n<li>Samedi 11 avril 2026 de 11h \u00e0 12h30<\/li>\n<li>Vendredi 24 avril de 18h15 \u00e0 19h30<\/li>\n<li>Samedi 25 avril de 11h \u00e0 12h30<\/li>\n<li>Vendredi 15 mai de 18h15 \u00e0 19h45<\/li>\n<li>Samedi 30 mai de 11h \u00e0 12h30<\/li>\n<li>Samedi 13 juin de 11h \u00e0 12h30<\/li>\n<li>Vendredi 19 juin de 18h15 \u00e0 19h45<\/li>\n<\/ul>\n<p>Le nombre de places restant disponibles est indiqu\u00e9 dans l&#8217;onglet consacr\u00e9 \u00e0 ce cours<\/p>\n<h2><strong>Tarifs\u00a0 \u00e0 compter de Septembre 2025\u00a0 :<\/strong><\/h2>\n<p>&nbsp;<\/p>\n<ul>\n<li><strong>Cours de Yoga :<\/strong><\/li>\n<\/ul>\n<p>Cours d&#8217;essai offert avec\u00a0 plaisir. Le cours peut \u00eatre int\u00e9gr\u00e9 \u00e0 tout moment de l&#8217;ann\u00e9e.<\/p>\n<p><strong>Inscription<\/strong> : 20 euros pour l&#8217;ann\u00e9e (enti\u00e8rement revers\u00e9 \u00e0 une Association &#8211; voir l&#8217;onglet &#8220;ce qui me tient \u00e0 coeur&#8221;)<\/p>\n<p><strong>Carte de 5 cours<\/strong> : 50 euros soit 10 euros le cours<\/p>\n<p><strong>Carte de 10 cours<\/strong> :\u00a0 \u00a0100 euros soit 10 euros le cours<\/p>\n<p><strong>R\u00e8glement au cours possible<\/strong> : 12 euros le cours<\/p>\n<p><strong>Carte <\/strong><strong>pour les personnes prenant 2 cours par semaine :\u00a0<\/strong> Carte de 20 cours \u00e0 160 euros (soit 8 euros par cours)<\/p>\n<p><strong>Carte pour les personnes prenant 3 cours par semaine : <\/strong>Carte de 30 cours \u00e0 180 euros (soit 6 euros par cours)<\/p>\n<p>R\u00e9glement par plusieurs ch\u00e8ques possible<\/p>\n<p>&nbsp;<\/p>\n<ul>\n<li><strong>Ateliers de M\u00e9ditation :<\/strong><\/li>\n<\/ul>\n<p>M\u00eame tarif et conditions que les cours de Yoga. Cours d&#8217;essai offert avec plaisir.<\/p>\n<p>&nbsp;<\/p>\n<ul>\n<li><strong>Fascias et Etirements Conscients sp\u00e9cial Dos :\u00a0<\/strong><\/li>\n<\/ul>\n<p>Ce cours peuvent \u00eatre suivi de fa\u00e7on sporadique et sans engagement sur l&#8217;ann\u00e9e si place disponible (pas de cours d&#8217;essai offert)<\/p>\n<p>Tarif :<\/p>\n<ul>\n<li>10 euros pour les personnes inscrites \u00e0 l&#8217;ann\u00e9e aux cours de Yoga ou de M\u00e9ditation<\/li>\n<li>15 euros pour les personnes souhaitant participer uniquement \u00e0 ces s\u00e9ances sans autre\u00a0 engagement ou 36 euros la carte de 3 s\u00e9ances (soit 12 euros la s\u00e9ance)<\/li>\n<\/ul>\n<p>&nbsp;<\/p>\n<p>&nbsp;<\/p>\n<p><strong>Important :<\/strong><\/p>\n<ul>\n<li>R\u00e8glement par ch\u00e8que \u00e0 l&#8217;ordre de la SAS Atma Jaya, par virement ou esp\u00e8ces remises en main propre. Une facture sera adress\u00e9e par mail.<\/li>\n<li>Les tarifs que je propose sont relativement doux car le Yoga n\u2019est aucunement mon m\u00e9tier principal, c\u2019est ma passion et une pratique qui a chang\u00e9 ma vie.\u00a0 J\u2019esp\u00e8re ainsi en permettre l\u2019acc\u00e8s et le partager. J\u2019exerce par ailleurs une activit\u00e9 professionnelle.<\/li>\n<li>Les cartes ne correspondent pas \u00e0 des forfaits : Les personnes choisissent leur cr\u00e9neau horaire. Il est possible de changer de cr\u00e9neau horaire si des places sont disponibles<\/li>\n<li>Les cartes non termin\u00e9es ne sont rembours\u00e9es que si l&#8217;arr\u00eat des cours est li\u00e9 \u00e0 un probl\u00e8me de sant\u00e9 (se reporter aux conditions g\u00e9n\u00e9rales de vente ci-dessous)<\/li>\n<li>Pour un plus grand confort, les personnes choisissent leur cr\u00e9neau horaire et sont ainsi &#8220;propri\u00e9taires&#8221; de leur tapis \u00e0 l&#8217;ann\u00e9e dans le cr\u00e9neau choisi.\u00a0 Pas de r\u00e9servation par t\u00e9l\u00e9phone ou appli cr\u00e9ant une contrainte de plus dans votre vie.<\/li>\n<\/ul>\n<p>&nbsp;<\/p>\n<p><strong>CONDITIONS G\u00c9N\u00c9RALES DE VENTE<\/strong><\/p>\n<p>ARTICLE 1 \u2013 CHAMP D\u2019APPLICATION<\/p>\n<p>Les pr\u00e9sentes Conditions G\u00e9n\u00e9rales de Vente et d\u2019Utilisation (CGVU) sont conclues entre d\u2019une part la SAS Atma Jaya repr\u00e9sent\u00e9e par Catherine Boyer et d\u2019autre part, toute personne physique ou morale (ci-apr\u00e8s d\u00e9sign\u00e9e \u00ab Client \u00bb).<\/p>\n<p>Le Client reconna\u00eet avoir pris connaissance au moment de toute commande des pr\u00e9sentes Conditions G\u00e9n\u00e9rales de Vente et d\u2019Utilisation et d\u00e9clare express\u00e9ment les accepter sans r\u00e9serve. La SAS Atma Jaya repr\u00e9sent\u00e9e par Catherine Boyer se r\u00e9serve toutefois de pouvoir modifier ses Conditions G\u00e9n\u00e9rales de Vente et d\u2019Utilisation \u00e0 tout moment. Dans ce cas, les Conditions applicables seront celles en vigueur \u00e0 la date de la commande.<\/p>\n<p>Le fait, pour la SAS Atma Jaya repr\u00e9sent\u00e9e par Catherine Boyer de ne pas se pr\u00e9valoir d\u2019une des dispositions des pr\u00e9sentes Conditions G\u00e9n\u00e9rales de Vente et d\u2019Utilisation ne vaut pas renonciation et ne prive pas la SAS Atma Jaya repr\u00e9sent\u00e9e par Catherine Boyer de la possibilit\u00e9 de s\u2019en pr\u00e9valoir ult\u00e9rieurement.<\/p>\n<p>ARTICLE 2 \u2013 PRESTATIONS PROPOS\u00c9ES<\/p>\n<p>Les prestations propos\u00e9es comprennent\u00a0 des cours de Yoga et des ateliers de m\u00e9ditation.<br \/>\nCes prestations sont propos\u00e9es sous la forme de :<\/p>\n<p>\u2013 Cours \u00e0 l\u2019unit\u00e9.<\/p>\n<p>\u2013 Cartes de cours valables sur l\u2019ann\u00e9e allant du 1<sup>er<\/sup> septembre au 15 juillet ouvrant droit \u00e0 un nombre d\u00e9termin\u00e9 de s\u00e9ances de 1h15\u00a0: \u00a01 cours par semaine ou 2 cours par semaine ou 3 cours par semaine selon la formule choisie par le client.<\/p>\n<p>ARTICLE 3 \u2013 PRIX<\/p>\n<p>Les prix des prestations propos\u00e9es sont des prix indiqu\u00e9s en euros et hors taxe. La SAS Atma Jaya n\u2019\u00e9tant pas assujetti \u00e0 la TVA.<\/p>\n<p>ARTICLE 4 \u2013 CONDITIONS PARTICULIERES DE VENTE DES CARTES<\/p>\n<p>Le Client reconna\u00eet et accepte express\u00e9ment et irr\u00e9vocablement ce qui suit :<\/p>\n<p>\u2013 Les cartes de cours sont nominatives et ne peuvent pas \u00eatre transf\u00e9r\u00e9es \u00e0 un autre Client.<\/p>\n<p>\u2013 Attestation et Certificat M\u00e9dical : Le Client reconna\u00eet avoir une parfaite connaissance de la nature des exercices physiques pratiqu\u00e9s dans le cadre des cours et s\u00e9ances qu\u2019il a command\u00e9s aupr\u00e8s de la SAS Atma Jaya repr\u00e9sent\u00e9e par Catherine Boyer, et certifie sur l\u2019honneur que sa constitution physique et son \u00e9tat de sant\u00e9 lui permettent de pratiquer le sport en g\u00e9n\u00e9ral, et plus particuli\u00e8rement de pratiquer les activit\u00e9s command\u00e9es aupr\u00e8s de la SAS Atma Jaya<\/p>\n<p>Le Client d\u00e9charge la SAS Atma Jaya de toutes r\u00e9clamations et action judiciaires relatives \u00e0 des blessures ou dommages occasionn\u00e9es \u00e0 sa personne et caus\u00e9s de quelque mani\u00e8re que ce soit d\u00e9coulant ou en raison de l\u2019activit\u00e9 exerc\u00e9e.<\/p>\n<p>Le Client consent \u00e0 assumer tous les risques et toutes les cons\u00e9quences li\u00e9es \u00e0 l\u2019activit\u00e9 exerc\u00e9e au sein des cours dispens\u00e9s par la SAS Atma Jaya repr\u00e9sent\u00e9e par Catherine Boyer. En tout \u00e9tat de cause, le Client s\u2019engage \u00e0 renseigner Catherine Boyer sur ses ant\u00e9c\u00e9dents m\u00e9dicaux et \u00e0 remettre \u00e0 Catherine Boyer un certificat m\u00e9dical de moins de trois mois lors de son inscription et lors d\u2019une reprise apr\u00e8s une intervention chirurgicale de toute nature.<\/p>\n<p>Si le certificat m\u00e9dical indique que le Client n\u2019est pas apte \u00e0 pratiquer l\u2019activit\u00e9 command\u00e9e, la SAS Atma Jaya repr\u00e9sent\u00e9e par Catherine Boyer est en droit de r\u00e9silier sans pr\u00e9avis ni indemnit\u00e9 la relation contractuelle avec le Client concern\u00e9, qui sera rembours\u00e9 de tout ou partie des prestations command\u00e9es en fonction des prestations d\u00e9j\u00e0 ex\u00e9cut\u00e9es.<\/p>\n<p>ARTICLE 5 \u2013 MODALITES DE PAIEMENT<\/p>\n<p>Le r\u00e8glement des achats du Client s\u2019effectue :<\/p>\n<ul>\n<li>Sur place, par ch\u00e8que remis en main propre libell\u00e9 \u00e0 l\u2019ordre de la SAS Atma Jaya<\/li>\n<li>En esp\u00e8ces remises en main propre.<\/li>\n<li>Les virements sont possibles<\/li>\n<\/ul>\n<p>ARTICLE 6 \u2013 DROIT DE R\u00c9TRACTATION<\/p>\n<p>Les prestations achet\u00e9es (cartes achet\u00e9es) ne sont pas remboursables, sauf en cas de probl\u00e8me de sant\u00e9 emp\u00eachant la pratique. Des prolongations de dur\u00e9e peuvent n\u00e9anmoins \u00eatre accord\u00e9es \u00e0 titre exceptionnel, en cas de probl\u00e8mes justifi\u00e9s. Les cartes achet\u00e9es en fin d\u2019ann\u00e9e demeurent valables jusqu\u2019au 15 juillet de l\u2019ann\u00e9e suivante.<\/p>\n<p>ARTICLE 7 \u2013 R\u00c8GLES DE FONCTIONNEMENT DES FICHIERS \u00c9LECTRONIQUES \/ INFORMATIQUE ET LIBERT\u00c9<\/p>\n<p>Le Client est inform\u00e9 que conform\u00e9ment \u00e0 la loi n\u00b078-17 du 6 janvier 1978 relative \u00e0 l\u2019informatique, aux fichiers et aux libert\u00e9s, les informations qu\u2019il communique sont destin\u00e9es \u00e0 la SAS Atma Jaya \u00e0 des fins de gestion administrative et commerciale.<\/p>\n<p>La SAS Atma Jaya s\u2019engage \u00e0 ce qu\u2019aucune information personnelle du Client ne soit publi\u00e9e \u00e0 son insu, \u00e9chang\u00e9e, transf\u00e9r\u00e9e, c\u00e9d\u00e9e ou vendue sur un support quelconque \u00e0 des tiers.<\/p>\n<p>Les noms, adresses et mails, et seulement eux, sont utilis\u00e9s pour l&#8217;\u00e9tablissement des factures adress\u00e9es suite \u00e0 des r\u00e8glements de cartes de cours et sont pour cela pr\u00e9sent dans un logiciel g\u00e9r\u00e9 par CEGID, prestataire informatique de Cabinet Comptable, qui s&#8217;est lui m\u00eame engag\u00e9 \u00e0 prot\u00e9ger les donn\u00e9es de ces clients.<\/p>\n<p>Conform\u00e9ment \u00e0 l\u2019article 34 de la loi n\u00b078-17 du 6 janvier 1978 relative \u00e0 l\u2019informatique, aux fichiers et aux libert\u00e9s, le Client dispose d\u2019un droit d\u2019acc\u00e8s et de rectification relatif aux donn\u00e9es le concernant, droit qu\u2019il peut exercer en \u00e9crivant un email \u00e0 l\u2019adresse suivante : espace.atmajaya@gmail.com.<\/p>\n<p>ARTICLE 8 \u2013 FORCE MAJEURE<\/p>\n<p>L\u2019ex\u00e9cution par la SAS Atma Jaya repr\u00e9sent\u00e9e par Catherine Boyer de tout ou partie de ses obligations sera suspendue en cas de survenance d\u2019un cas fortuit ou de force majeure qui en g\u00eanerait ou en retarderait l\u2019ex\u00e9cution. Sont consid\u00e9r\u00e9s comme tel, notamment, sans que cette liste soit limitative, la guerre, les \u00e9meutes, l\u2019insurrection, les troubles sociaux, les gr\u00e8ves de toutes nature.<\/p>\n<p>La SAS Atma Jaya informera le Client de tout cas fortuit ou de force majeure dans les sept (7) jours de sa survenance.<\/p>\n<p>ARTICLE 9 \u2013 LITIGES, DROIT APPLICABLE ET JURIDICTION<\/p>\n<p>Les pr\u00e9sentes Conditions sont soumises au droit fran\u00e7ais et r\u00e9gie par la langue fran\u00e7aise pour leur interpr\u00e9tation.<br \/>\nTout litige susceptible de r\u00e9sulter de la validit\u00e9, l\u2019interpr\u00e9tation, l\u2019ex\u00e9cution, la r\u00e9siliation, leurs cons\u00e9quences et leurs suites des pr\u00e9sentes Conditions G\u00e9n\u00e9rales de Vente et d\u2019Utilisation sera soumis \u00e0 la comp\u00e9tence exclusive des tribunaux fran\u00e7ais.<\/p>\n<p>ARTICLE 10 \u2013 IND\u00c9PENDANCE DES CLAUSES<\/p>\n<p>Si l\u2019un des articles des pr\u00e9sentes Conditions G\u00e9n\u00e9rales de Vente et d\u2019Utilisation est jug\u00e9 nul ou inopposable, la validit\u00e9 ou l\u2019opposabilit\u00e9 des autres dispositions des Conditions G\u00e9n\u00e9rales de Vente et d\u2019Utilisation ne sera pas affect\u00e9e.<\/p>\n<p>&nbsp;<\/p>\n<p><img loading=\"lazy\" decoding=\"async\" class=\"aligncenter wp-image-55 size-full\" src=\"http:\/\/yoga-atmajaya.fr\/wp-content\/uploads\/2018\/07\/photo-d-ouverture-2.jpg\" alt=\"\" width=\"1920\" height=\"1280\" srcset=\"https:\/\/yoga-atmajaya.fr\/wp-content\/uploads\/2018\/07\/photo-d-ouverture-2.jpg 1920w, https:\/\/yoga-atmajaya.fr\/wp-content\/uploads\/2018\/07\/photo-d-ouverture-2-300x200.jpg 300w, https:\/\/yoga-atmajaya.fr\/wp-content\/uploads\/2018\/07\/photo-d-ouverture-2-768x512.jpg 768w, https:\/\/yoga-atmajaya.fr\/wp-content\/uploads\/2018\/07\/photo-d-ouverture-2-1024x683.jpg 1024w\" sizes=\"auto, (max-width: 767px) 89vw, (max-width: 1000px) 54vw, (max-width: 1071px) 543px, 580px\" \/><\/p>\n","protected":false},"excerpt":{"rendered":"<p>Le nombre de participants par groupe est de\u00a014 personnes afin de garantir une pratique agr\u00e9able pour tous. LES COURS REPRENDRONT LE LUNDI 1er SEPTEMBRE 2025 N&#8217;h\u00e9sitez pas \u00e0 me contacter pour un cours d&#8217;essai gratuit. Discuter ensemble nous permettra \u00e9galement de savoir quelles sont vos souhaits si vous en avez et si ce que je &hellip; <\/p>\n<p class=\"link-more\"><a href=\"https:\/\/yoga-atmajaya.fr\/index.php\/horaires-et-tarifs\/\" class=\"more-link\">Continue reading<span class=\"screen-reader-text\"> &#8220;Horaires et Tarifs&#8221;<\/span><\/a><\/p>\n","protected":false},"author":1,"featured_media":0,"parent":0,"menu_order":0,"comment_status":"closed","ping_status":"closed","template":"","meta":{"footnotes":""},"class_list":["post-30","page","type-page","status-publish","hentry"],"_links":{"self":[{"href":"https:\/\/yoga-atmajaya.fr\/index.php\/wp-json\/wp\/v2\/pages\/30","targetHints":{"allow":["GET"]}}],"collection":[{"href":"https:\/\/yoga-atmajaya.fr\/index.php\/wp-json\/wp\/v2\/pages"}],"about":[{"href":"https:\/\/yoga-atmajaya.fr\/index.php\/wp-json\/wp\/v2\/types\/page"}],"author":[{"embeddable":true,"href":"https:\/\/yoga-atmajaya.fr\/index.php\/wp-json\/wp\/v2\/users\/1"}],"replies":[{"embeddable":true,"href":"https:\/\/yoga-atmajaya.fr\/index.php\/wp-json\/wp\/v2\/comments?post=30"}],"version-history":[{"count":110,"href":"https:\/\/yoga-atmajaya.fr\/index.php\/wp-json\/wp\/v2\/pages\/30\/revisions"}],"predecessor-version":[{"id":522,"href":"https:\/\/yoga-atmajaya.fr\/index.php\/wp-json\/wp\/v2\/pages\/30\/revisions\/522"}],"wp:attachment":[{"href":"https:\/\/yoga-atmajaya.fr\/index.php\/wp-json\/wp\/v2\/media?parent=30"}],"curies":[{"name":"wp","href":"https:\/\/api.w.org\/{rel}","templated":true}]}}